{"id":309,"date":"2024-09-12T13:51:40","date_gmt":"2024-09-12T19:51:40","guid":{"rendered":"https:\/\/arelab.mx\/?page_id=309"},"modified":"2024-09-12T14:07:40","modified_gmt":"2024-09-12T20:07:40","slug":"elementor-309","status":"publish","type":"page","link":"https:\/\/arelab.mx\/?page_id=309","title":{"rendered":"Productos"},"content":{"rendered":"\n<div data-block-name=\"woocommerce\/single-product\" data-product-id=\"305\" data-wp-context=\"{&quot;productId&quot;:305,&quot;variationId&quot;:null}\" data-wp-interactive=\"woocommerce\/single-product\" class=\"wp-block-woocommerce-single-product\">\n<div class=\"wp-block-columns is-layout-flex wp-container-core-columns-is-layout-7387b849 wp-block-columns-is-layout-flex\">\n<div class=\"wp-block-column is-layout-flow wp-block-column-is-layout-flow\"><div data-block-name=\"woocommerce\/product-image\" data-is-descendent-of-single-product-block=\"true\" data-show-sale-badge=\"false\" class=\"wc-block-components-product-image wc-block-grid__product-image wc-block-components-product-image--aspect-ratio-auto wp-block-woocommerce-product-image\"><a href=\"https:\/\/arelab.mx\/?product=mighty-small-260\" style=\"\" data-wp-on--click=\"woocommerce\/product-collection::actions.viewProduct\"><img loading=\"lazy\" decoding=\"async\" width=\"600\" height=\"600\" src=\"https:\/\/arelab.mx\/wp-content\/uploads\/woocommerce-placeholder-600x600.png\" class=\"woocommerce-placeholder wp-post-image\" alt=\"Marcador\" style=\"object-fit:cover;\" srcset=\"https:\/\/arelab.mx\/wp-content\/uploads\/woocommerce-placeholder-600x600.png 600w, https:\/\/arelab.mx\/wp-content\/uploads\/woocommerce-placeholder-320x320.png 320w, https:\/\/arelab.mx\/wp-content\/uploads\/woocommerce-placeholder-100x100.png 100w, https:\/\/arelab.mx\/wp-content\/uploads\/woocommerce-placeholder-300x300.png 300w, https:\/\/arelab.mx\/wp-content\/uploads\/woocommerce-placeholder-1024x1024.png 1024w, https:\/\/arelab.mx\/wp-content\/uploads\/woocommerce-placeholder-150x150.png 150w, https:\/\/arelab.mx\/wp-content\/uploads\/woocommerce-placeholder-768x768.png 768w, https:\/\/arelab.mx\/wp-content\/uploads\/woocommerce-placeholder.png 1200w\" sizes=\"auto, (max-width: 600px) 100vw, 600px\" \/><div class=\"wc-block-components-product-image__inner-container\"><\/div><\/a><\/div><\/div>\n\n\n\n<div class=\"wp-block-column is-layout-flow wp-block-column-is-layout-flow\"><h2 class=\"wp-block-post-title\"><a href=\"https:\/\/arelab.mx\/?product=mighty-small-260\" target=\"_self\" >Mighty Small 260<\/a><\/h2>\n\n\n\n<div data-block-name=\"woocommerce\/product-price\" data-is-descendent-of-single-product-block=\"true\" class=\"wp-block-woocommerce-product-price\" ><div class=\"wc-block-components-product-price wc-block-grid__product-price\" >\n\t\t\t\t\t\n\t\t\t\t<\/div><\/div>\n\n<div class=\"wp-block-post-excerpt\"><p class=\"wp-block-post-excerpt__excerpt\">Camara para electroforesis vertical, 10 x 10.5 o 10 x 8 cms Opciones de espaciadores 0.75 mm, 1.0 mm o 1.5 mm M\u00e1xima potencia aceptada 500V, 500mA, 12W M\u00e1xima temperatura de operaci\u00f3n 45\u00b0C &nbsp; <\/p><\/div>\n\n\n\n\n<div data-block-name=\"woocommerce\/product-meta\" class=\"wp-block-woocommerce-product-meta\">\n<div class=\"wp-block-group is-nowrap is-layout-flex wp-container-core-group-is-layout-7387b849 wp-block-group-is-layout-flex\">\n\n<div class=\"taxonomy-product_cat wp-block-post-terms\"><span class=\"wp-block-post-terms__prefix\">Categor\u00eda: <\/span><a href=\"https:\/\/arelab.mx\/?product_cat=sin-categorizar\" rel=\"tag\">Sin categorizar<\/a><\/div>\n\n<\/div>\n<\/div>\n<\/div>\n<\/div>\n<\/div>\n\n\n<div data-block-name=\"woocommerce\/product-categories\" class=\"wp-block-woocommerce-product-categories wc-block-product-categories is-list \" style=\"\"><ul class=\"wc-block-product-categories-list wc-block-product-categories-list--depth-0\">\t\t\t\t<li class=\"wc-block-product-categories-list-item\">\t\t\t\t\t<a style=\"\" href=\"https:\/\/arelab.mx\/?product_cat=sin-categorizar\"><span class=\"wc-block-product-categories-list-item__name\">Sin categorizar<\/span><\/a><span class=\"wc-block-product-categories-list-item-count\"><span aria-hidden=\"true\">1<\/span><span class=\"screen-reader-text\">1 producto<\/span><\/span>\t\t\t\t<\/li>\t\t\t\t\t\t\t<li class=\"wc-block-product-categories-list-item\">\t\t\t\t\t<a style=\"\" href=\"https:\/\/arelab.mx\/?product_cat=centrifugas\"><span class=\"wc-block-product-categories-list-item__name\">Centrifugas<\/span><\/a><span class=\"wc-block-product-categories-list-item-count\"><span aria-hidden=\"true\">1<\/span><span class=\"screen-reader-text\">1 producto<\/span><\/span>\t\t\t\t<\/li>\t\t\t\t\t\t\t<li class=\"wc-block-product-categories-list-item\">\t\t\t\t\t<a style=\"\" href=\"https:\/\/arelab.mx\/?product_cat=pipetas\"><span class=\"wc-block-product-categories-list-item__name\">Pipetas<\/span><\/a><span class=\"wc-block-product-categories-list-item-count\"><span aria-hidden=\"true\">4<\/span><span class=\"screen-reader-text\">4 productos<\/span><\/span>\t\t\t\t<\/li>\t\t\t<\/ul><\/div>","protected":false},"excerpt":{"rendered":"","protected":false},"author":2,"featured_media":0,"parent":0,"menu_order":0,"comment_status":"closed","ping_status":"closed","template":"","meta":{"_crdt_document":"","footnotes":""},"class_list":["post-309","page","type-page","status-publish","hentry","thunk-woo-product-list","opn-qv-enable","top-store-woo-hover-","top-store-single-product-tab-horizontal","top-store-shadow-","top-store-shadow-hover-"],"_links":{"self":[{"href":"https:\/\/arelab.mx\/index.php?rest_route=\/wp\/v2\/pages\/309","targetHints":{"allow":["GET"]}}],"collection":[{"href":"https:\/\/arelab.mx\/index.php?rest_route=\/wp\/v2\/pages"}],"about":[{"href":"https:\/\/arelab.mx\/index.php?rest_route=\/wp\/v2\/types\/page"}],"author":[{"embeddable":true,"href":"https:\/\/arelab.mx\/index.php?rest_route=\/wp\/v2\/users\/2"}],"replies":[{"embeddable":true,"href":"https:\/\/arelab.mx\/index.php?rest_route=%2Fwp%2Fv2%2Fcomments&post=309"}],"version-history":[{"count":5,"href":"https:\/\/arelab.mx\/index.php?rest_route=\/wp\/v2\/pages\/309\/revisions"}],"predecessor-version":[{"id":314,"href":"https:\/\/arelab.mx\/index.php?rest_route=\/wp\/v2\/pages\/309\/revisions\/314"}],"wp:attachment":[{"href":"https:\/\/arelab.mx\/index.php?rest_route=%2Fwp%2Fv2%2Fmedia&parent=309"}],"curies":[{"name":"wp","href":"https:\/\/api.w.org\/{rel}","templated":true}]}}